common factor of s and 3590?
10
Let z(v) = -5*v**2 + 127*v - 718. Let p be z(12). Calculate the highest common factor of 7267 and p.
43
Let t(v) = 104*v + 6. Let d(m) = -35*m - 2. Let z(u) = -7*d(u) - 2*t(u). Let a be z(1). Calculate the greatest common divisor of a and 13.
13
Let y = 64 + -28. Suppose y = -7*w + 8*w. Suppose 3*z - w = 18. What is the greatest common divisor of 18 and z?
18
Let y be -2 + 429 + 1 + (-42)/(-7). Let o = y - 309. What is the highest common factor of 175 and o?
25
Let p(w) = -3*w**3 - 57*w**2 - w + 155. Let i be p(-19). Calculate the highest common factor of 348 and i.
174
Let f be -5*4 - (-4)/((-4)/3). Let w = 159 - f. What is the highest common divisor of 14 and w?
14
Let w(z) = z**3 - 50*z**2 - 2*z + 146. Let t be w(50). Calculate the greatest common divisor of 7866 and t.
46
Let k be (0 - 4)/(-28)*(-202 + 209). Let x(y) = -y**2 + 10*y - 5. Let u be x(6). Calculate the greatest common factor of u and k.
1
Let b be ((-19390)/4)/((-8)/(-1) - (-204)/(-24)). What is the highest common divisor of 35 and b?
35
Let x be ((-7 - -7)/1)/(-1*2). Suppose 73*i - 66*i - 462 = x. Let h = -22 - -44. Calculate the greatest common factor of i and h.
22
Let k = -4377 + 7796. Calculate the highest common divisor of 117 and k.
13
Let b = 275 + -197. Suppose -10*z - 16*z = -b. Suppose 2*y + d = 21, -4*y + 5*d + 53 + 10 = 0. Calculate the greatest common factor of z and y.
3
Let u(f) = 1346*f + 9777. Let w be u(3). What is the highest common divisor of w and 135?
45
Suppose 3*n + 2*d - d = 15, 2*n + 3*d - 10 = 0. Suppose n*t + 65 = -0*t. Let h(l) = l + 35. Let c be h(t). What is the highest common divisor of c and 22?
22
Suppose -30*o - 1454 - 76 = 0. Let r be (1 - 2)*o - (-56 + 51). Suppose g + 88 = 228. Calculate the greatest common divisor of r and g.
28
Suppose -r + 18 = r + 2*f, r + 5*f = 21. Suppose 4*b + 3*a = -185, r*a - 5*a = -b - 47. Let j = b - -92. What is the highest common factor of 4 and j?
4
Let p be (2 + (-20)/6)/((6 + -17)/363). Calculate the highest common divisor of 44 and p.
44
Let r(w) = -45*w - 78. Let n be r(-23). Suppose 26*o - n = 15*o. What is the highest common factor of 29 and o?
29
Suppose 0 = z + 4*z - 25. Suppose 0 = z*d - 9 - 16. Let k be (3/d)/((-196)/100 + 2). What is the highest common divisor of k and 15?
15
Suppose 2*o - 356 = 238. Calculate the highest common divisor of 1404 and o.
27
Let i be 72/(-3) - (3 - 5). Let m be i/(-33) + (-80)/(-6). Let f be 21/m + 5 + 2/(-4). Calculate the greatest common factor of 66 and f.
6
Let l = 7983 + -7971. Suppose 5*u = 432 + 228. What is the highest common divisor of l and u?
12
Suppose o - c = 4*o - 1491, -2*o + 987 = 3*c. Suppose -h + 406 = -5*h - 3*b, b - o = 5*h. Let s = 84 - h. Calculate the highest common factor of 46 and s.
46
Let z be (-3)/(-2)*(-4)/(-3). Let u be (81/63 - z/7) + 1. Suppose 4*h - 150 = u*h. Calculate the highest common factor of h and 30.
15
Suppose 130084 = 88*u - 91148. What is the greatest common factor of u and 6?
6
Let p = 189 + -189. Suppose 2*g = -y - 1, p = -y + 5*y + g - 24. Calculate the highest common factor of y and 63.
7
Suppose -98 = -11*w + 1. Suppose -5*g + 1278 = -3*i, 0 = -w*g + 7*g + 3*i + 504. Calculate the highest common factor of 6 and g.
6
Let k(p) = 260*p - 176. Let y be k(1). Let s(d) = d**3 - 19*d**2 + 19*d + 3. Let f be s(19). Calculate the highest common divisor of f and y.
28
Suppose 41 = -i - 11. Let l be i/234 + 1/((-9)/(-335)). What is the greatest common factor of l and 296?
37
Suppose -11*w + 22 = -11. Let i(g) = -14*g + g**2 + 18*g + 3 - 6*g + 2*g**2. Let u be i(w). What is the greatest common divisor of 32 and u?
8
Suppose -42*a = -4*a + 2014. Let x = a + 207. Suppose 5*w - 76 = 34. Calculate the highest common factor of w and x.
22
Let d(i) = -41*i**3 - 3*i**2 + 4*i - 64. Let x be d(-5). Calculate the greatest common divisor of 13 and x.
13
Suppose 319 = 9*i - 59. Let r be (-4)/i - 6736/(-168). What is the greatest common factor of 10 and r?
10
Let y be (1 + 2 + -2)/(3/21). Suppose -3*a = -2*u - 2*u - 23, y = u - 5*a. Let v(q) = q + 16. Let k be v(u). What is the highest common factor of 24 and k?
8
Suppose 83*n - 2553 = -644. Calculate the highest common factor of 4485 and n.
23
Let c = -2156 - -2452. What is the greatest common factor of c and 518?
74
Let h = -4108 + 4192. What is the highest common divisor of h and 25620?
84
Let s(a) be the first derivative of -a**3/3 + 5*a**2/2 + 6. Let d be s(3). Suppose d*g = 3*g + 264. What is the highest common factor of 11 and g?
11
Let h be 0*(-4 - -3) + 2. Let u(i) = 18 + 5*i - 6*i**h + i**3 - 13 - 4*i. Let k be u(6). Calculate the highest common factor of 99 and k.
11
Let f = -13679 + 13894. What is the highest common divisor of f and 817?
43
Let z = 5014 + -3076. Suppose 0*t - z = -6*t. What is the greatest common factor of t and 19?
19
Let s(y) = 2*y + 13. Let j be s(9). Suppose -7 = p + j. Let r = 93 + p. What is the greatest common divisor of r and 22?
11
Let u = 15904 - -3671. Calculate the greatest common divisor of u and 29.
29
Let c = 7 - 0. Suppose -8*p = -73 - c. Let d be 4/(-3)*3*(-15)/p. Calculate the greatest common divisor of 24 and d.
6
Suppose 0 = -9*z - 20*z + 1392 - 406. Calculate the highest common factor of 2465 and z.
17
Let p be 7 + -8 + 218 + -5 + -4. Let z be ((-2)/((36/(-78))/(-3)))/(-1). Calculate the highest common divisor of z and p.
13
Let t = -4217 - -4236. Calculate the highest common divisor of t and 169.
1
Let h = -4370 + 4388. Calculate the greatest common divisor of h and 438.
6
Let h be ((-2)/3)/(1/(-30)). Suppose -3*d - 5*u = d - 159, -4*u = -4*d + 204. Suppose -d*b + 49*b = 30. What is the highest common divisor of b and h?
10
Suppose -2*w + 40 - 12 = 0. Suppose -12*l + 20*l = 1144. Let r = l + -122. What is the highest common factor of w and r?
7
Suppose 61*f - 5131 = 18*f + 16885. Calculate the greatest common factor of f and 12.
4
Let v be (7 + 4 - 11)/(1 - -1). Let x be -25 + 595 - (v - -2). Calculate the greatest common divisor of x and 8.
8
Suppose 148*l - 267996 = 639984. What is the highest common factor of l and 105?
15
Let o(c) = -3*c + 112. Let h be o(-19). Calculate the greatest common divisor of 39 and h.
13
Suppose 5*x + i = 5*i + 3063, -5*x + 3069 = -2*i. Let r = x + -363. Calculate the highest common divisor of r and 21.
21
Suppose 5*b - 7*b + 238 = 5*j, -b - 211 = -5*j. Let r(g) = 571*g + 1. Let w be r(1). Calculate the highest common factor of w and j.
44
Suppose -2*j - 5 = 3*v - 24, j - 20 = -5*v. Suppose 4*z - j*p + 29 = 144, -4*z = -p - 119. Calculate the highest common divisor of z and 240.
30
Let c(g) = 124*g**2 - 4*g**3 + 6 - 110*g**2 - 16*g + 5*g**3. Let i be 6/((-9)/((-90)/(-4))). Let a be c(i). Calculate the highest common factor of a and 231.
21
Suppose -o + 2*t = -66, 4*o + 3*t = -127 + 413. Suppose 16 = -2*f - 2*f. Let a be -2 + -6*f/2. Calculate the highest common factor of a and o.
10
Suppose -5*j = 0, 3*j + 2*j + 18 = 3*z. Let m be 5 + 1512/(1 + z). Calculate the highest common factor of m and 52.
13
Suppose 0 = -1118*n + 1135*n - 29240. What is the highest common factor of n and 120?
40
Let h(c) = 42*c**3 - 2*c**2 - 19*c + 45. Let t = -610 - -613. Let l be h(t). What is the highest common divisor of 69 and l?
69
Let f(n) = -72*n - 56. Let c be f(-2). Let q(d) = -d**2 - 11*d - 7. Let o be q(-9). Let i = o + -3. Calculate the highest common factor of c and i.
8
Suppose 2*f - 112 = -3*f - 2*o, -12 = 3*o. Let d = -85 + -132. Let i be (-4)/f + 5/30 - d. What is the greatest common divisor of 31 and i?
31
Suppose -33*f = -28*f - 560. Suppose -f - 8 = -6*w. Let j = 34 + 6. What is the greatest common divisor of w and j?
20
Suppose 0 = a + v + 25 - 21, -5*v - 30 = 0. Calculate the highest common factor of a and 726.
2
Let f be ((-2)/(-14))/(357/(-833)) - 39/(-9). What is the highest common divisor of f and 1948?
4
Suppose -3*b + 2940 = 4*b. Let d = b - 402. What is the highest common divisor of d and 270?
18
Let k be -8*((-6)/(-8))/((-27)/18). Let d be -2 - (-6 - (3 + -5)). Calculate the highest common divisor of k and d.
2
Let t(z) = 63*z. Let h be t(2). Let y be (52/(-78) - (-158)/(-42))*-7. Suppose -305 = -y*p + 129. What is the greatest common divisor of p and h?
14
Suppose 0 = 557